o - 18. Give r(6).
0
Let s(x) = 2*x**2 - 10*x - 7. What is s(5)?
-7
Let y(p) = p**3 - p**2 - p - 6. Calculate y(0).
-6
Let w(n) = 3*n**2 + n + 5. Determine w(-2).
15
Let s(h) = h**3 - 6*h**2 + 6*h - 1. What is s(5)?
4
Let u(g) = -11*g - 63. Calculate u(-7).
14
Let b(p) = 75*p - 4. Determine b(1).
71
Let s(l) = -l**3 - 4*l**2 - 4*l - 5. Calculate s(-5).
40
Let y(g) = -g. Determine y(5).
-5
Let q(b) = b**2 - 13*b - 18. Give q(14).
-4
Let p(q) = -q**3 + 11*q**2 - 25*q + 72. Give p(9).
9
Let c(i) = -7*i**2 + i + 1. Give c(-1).
-7
Let z(f) = -2*f**2 - 5*f - 3. Give z(-3).
-6
Let n(w) = w**2 + 27*w + 184. Give n(-14).
2
Let y(f) = f**2 - 3*f - 3. Calculate y(-3).
15
Let s(p) = 37*p**3 + p**2 + p - 1. Determine s(1).
38
Let q(y) = 6*y**2 - 7*y + 4. Calculate q(4).
72
Let p(d) = -d**2 - 17*d - 21. Determine p(-16).
-5
Let i(c) = 3*c + 12. What is i(-3)?
3
Let p(m) = m**3 + m**2 - 2*m. Determine p(-3).
-12
Let b(q) = -q**2 + 4*q. What is b(5)?
-5
Let a(i) = -i**3 - 3*i - 3. Calculate a(0).
-3
Let u(c) = 24*c + 146. What is u(-4)?
50
Let c(f) = -8*f + 108. Give c(19).
-44
Let u(v) = -3*v**2 + 7*v - 12. Give u(6).
-78
Let r(b) = -b**3 + 2*b**2 + 3*b - 4. Give r(3).
-4
Let q(s) = -5*s**3 + 2*s**2 - 2*s - 2. Calculate q(2).
-38
Let a(c) = -5*c + 42. Calculate a(18).
-48
Let k(y) = y**2 + 16*y + 19. Determine k(-14).
-9
Let t(v) = v**3 + 3*v**2 + v - 7. Calculate t(-4).
-27
Let f(u) = u**3 + 6*u**2 - 8*u + 8. Give f(-7).
15
Let j(z) = -16*z**3 - z**2 - 4*z - 5. Calculate j(-2).
127
Let c(j) = -4*j - 3. Determine c(-3).
9
Let p(m) = -m**3 - 3*m**2 + m + 5. Calculate p(-3).
2
Let m(q) = -q**2 + 64*q - 403. Calculate m(7).
-4
Let r(b) = b**3 + 4*b**2 - 5*b - 15. Determine r(-4).
5
Let f(j) = 3*j - 30. Calculate f(12).
6
Let b(a) = -a**2 - 49. Calculate b(0).
-49
Let y(w) = 3*w - 24. Determine y(13).
15
Let l(j) = j**2 + 10*j + 5. What is l(-7)?
-16
Let k(g) = g - 15. Determine k(14).
-1
Let z(p) = -3*p**3 - 12*p**2 + 4*p - 1. Determine z(-4).
-17
Let y(k) = 106*k + 309. Calculate y(-3).
-9
Let g(z) = -z**3 + 37*z**2 + 163*z + 57. What is g(41)?
16
Let j(q) = 21*q + 2. Give j(3).
65
Let v(p) = -p**3 + 4*p**2 + 33*p + 16. Calculate v(-4).
12
Let r(n) = -n**2 - 95*n - 1381. Determine r(-18).
5
Let m(a) = a**2 + a + 1. What is m(0)?
1
Let y(p) = -4*p + 92. Determine y(21).
8
Let f(r) = 13*r - 7. Calculate f(1).
6
Let z(a) = -a - 9. Give z(-6).
-3
Let g(t) = 19*t + 5. What is g(1)?
24
Let s(c) = 3*c**2 - c - 2. Give s(-1).
2
Let w(o) = 11*o**3 + 6*o**2 + 3*o. Calculate w(-2).
-70
Let x(b) = -79*b + 20. What is x(0)?
20
Let b(u) = -2*u**2 + 15*u + 14. Determine b(8).
6
Let f(d) = -4*d - 14. Calculate f(-7).
14
Let k(t) = 17*t + 1. Determine k(2).
35
Let u(r) = -r**2 - 9. Give u(0).
-9
Let b(q) = q**3 + 2*q**2 - 2*q - 26. Give b(0).
-26
Let k(j) = j**3 - 5*j**2 - 3*j - 7. Give k(6).
11
Let g(c) = 2*c + 7. Calculate g(10).
27
Let o(z) = -z. What is o(5)?
-5
Let w(t) = 6*t + 19. Calculate w(-4).
-5
Let y(r) = r**2 - 2*r - 6. Calculate y(5).
9
Let f(b) = b**3 + 17*b**2 + 27*b - 42. Determine f(-15).
3
Let r(c) = -8*c - 32. Calculate r(-6).
16
Let a(u) = u**2 + 17*u + 17. What is a(-17)?
17
Let r(b) = b**2 - 14*b + 72. What is r(12)?
48
Let b(q) = q**3 - 6*q**2 - 12*q - 19. What is b(8)?
13
Let p(d) = -d**3 - 34*d**2 - 63*d + 31. Determine p(-32).
-1
Let z(o) = 2*o + 49. What is z(-25)?
-1
Let w(g) = g**3 - 7*g**2 + 8*g - 3. Determine w(6).
9
Let z(p) = p**2 + 18*p + 32. Calculate z(-5).
-33
Let r(p) = p + 5. What is r(-2)?
3
Let g(i) = i**2 + 13*i + 56. Calculate g(-12).
44
Let g(l) = 2*l**3 + 10*l**2 - 13*l - 1. Give g(-6).
5
Let k(v) = v**3 + 9*v**2 - 9. Give k(-9).
-9
Let m(o) = o**2 - 60*o + 367. What is m(7)?
-4
Let y(r) = 2*r**2 + 9*r - 19. Give y(-6).
-1
Let w(t) = t - 6. What is w(2)?
-4
Let d(j) = -48*j + 423. Determine d(9).
-9
Let x(g) = g**2 - 9*g + 20. Determine x(8).
12
Let g(w) = -5*w**3 - 2*w**2 + 2*w + 2. Give g(-2).
30
Let s(z) = -z**2 - 8*z - 6. Give s(-7).
1
Let d(c) = 55*c**2 + c - 1. Calculate d(-1).
53
Let i(v) = -4*v. Give i(1).
-4
Let g(t) = -t**3 - 2*t**2 + 11*t + 12. What is g(-4)?
0
Let a(y) = y**3 + 21*y**2 - 45*y + 26. Calculate a(-23).
3
Let c(z) = -z**2 - 15*z + 78. What is c(-19)?
2
Let v(q) = -2*q + 62. What is v(27)?
8
Let o(i) = -2*i - 9. What is o(-6)?
3
Let u(a) = -22*a**3 + a**2 + 2*a + 2. Calculate u(-1).
23
Let c(f) = -f**3 - 4*f**2 + 9. Calculate c(-4).
9
Let a(b) = -2*b**2 + 12*b - 4. Calculate a(5).
6
Let w(m) = -3*m**3 + 28*m**2 + 19*m + 27. What is w(10)?
17
Let y(d) = d**3 - 12*d**2 + 8*d + 1. Determine y(11).
-32
Let y(x) = -2*x**3 - x. Calculate y(2).
-18
Let i(p) = 6*p + 1. What is i(-2)?
-11
Let f(z) = -32*z + 8. Calculate f(3).
-88
Let h(j) = j**2 + 8*j - 3. Give h(-4).
-19
Let t(f) = 9*f - 354. Give t(39).
-3
Let k(z) = -2*z**2 - 19*z - 26. Calculate k(-7).
9
Let l(t) = 7*t - 74. Calculate l(12).
10
Let w(c) = c**3 + 6*c**2 - 10*c - 15. Calculate w(-6).
45
Let n(x) = -x + 3. Determine n(-6).
9
Let h(u) = u**3 + 7*u**2 + 7*u + 13. Determine h(-6).
7
Let y(t) = -t**3 + 21*t**2 - 2*t + 39. Calculate y(21).
-3
Let k(f) = -7*f - 7. Give k(-12).
77
Let l(i) = -46*i + 97. What is l(3)?
-41
Let r(j) = -28*j - 28. Give r(-7).
168
Let x(h) = 6*h**3 + 3*h**2 - 3*h - 2. Determine x(-3).
-128
Let l(o) = -o**3 - 13*o**2 - 13*o - 10. Calculate l(-12).
2
Let b(y) = -3*y**3 + 3*y**2 + 2*y + 2. What is b(3)?
-46
Let o(j) = -4*j + 3. Determine o(6).
-21
Let p(w) = -w**2 + 18*w + 13. What is p(19)?
-6
Let x(r) = r**3 + 24*r**2 - 26*r - 9. Determine x(-25).
16
Let b(m) = m**3 - 18*m**2 + 44*m + 7. What is b(15)?
-8
Let h(l) = l**2 + 6*l + 1. Calculate h(-4).
-7
Let v(o) = o - 9. What is v(5)?
-4
Let o(r) = -5*r**2 + 4*r - 2. What is o(3)?
-35
Let w(j) = j**3 - 16*j**2 + 13*j. Calculate w(15).
-30
Let z(j) = 9*j + 1. What is z(-1)?
-8
Let f(y) = 22*y - 20. What is f(-6)?
-152
Let h(w) = w**2 - 38*w - 364. What is h(-8)?
4
Let w(a) = a**2 + 7*a + 11. Give w(-5).
1
Let f(s) = -6*s - 1. Give f(3).
-19
Let o(g) = g**3 + 3*g**2 + 14*g + 12. Determine o(-4).
-60
Let c(m) = -m**2 - 5*m. Determine c(-4).
4
Let n(u) = -8*u + 3. Calculate n(17).
-133
Let b(f) = f**3 - 5*f**2 + 7. Give b(0).
7
Let v(y) = 5*y + 27. What is v(0)?
27
Let l(m) = 9*m**2 - 8*m + 5. What is l(2)?
25
Let d(l) = -l**2 + 3*l + 4. Determine d(2).
6
Let r(w) = w**3 - 5*w**2 - w - 12. Determine r(6).
18
Let c(i) = i**3 + 6*i**2 + 2*i - 6. Calculate c(-6).
-18
Let a(h) = 28*h - 163. Calculate a(7).
33
Let g(h) = -h**3 - 24*h**2 + 31*h + 155. Give g(-25).
5
Let y(q) = q**3 + 5*q**2 + 2*q - 2. What is y(-4)?
6
Let i(n) = -n**2 - 14*n + 252. Determine i(-24).
12
Let t(a) = -2*a**2 + 7*a - 1. Give t(5).
-16
Let a(q) = -q**2 - 11*q + 5. Calculate a(-12).
-7
Let b(v) = v**2 - 11*v + 15. What is b(6)?
-15
Let j(p) = -p. What is j(-6)?
6
Let j(d) = -10*d - 43. Determine j(-6).
17
Let z(u) = -4*u**3 - u**2 - 6*u + 5. Give z(1).
-6
Let n(o) = -o**3 - 21*o**2 + 18*o - 106. Give n(-22).
-18
Let q(a) = -11*a**2 - 3*a - 2. Determine q(-5).
-262
Let q(v) = v**3 + 4*v**2 - 5*v. Give q(0).
0
Let l(k) = 3*k + 52. What is l(-19)?
-5
Let d(s) = -3*s**3 + s**2 + s. Determine d(2).
-18
Let z(i) = -i**2 + 5*i + 5. Determine z(5).
5
Let p(x) = x**3 + 5*x**2 + 2*x + 27. Calculate p(-7).
-85
Let z(n) = -2*n**3 - 13*n**2 - 15*n - 2. What is z(-5)?
-2
Let p(q) = -q**2 + 14*q - 9. What is p(9)?
36
Let z(a) = -a**3 + 13*a**2 + 17*a - 11. Give z(14).
31
Let n(o) = -14*o - 502. What is n(-36)?
2
Let r(v) = v**3 + 4*v**2 - 5*v - 6. What is r(-4)?
14
Let x(b) = 20*b**2 + b + 1. What is x(1)?
22
Let j(k) = -k**2 + 11*k + 6. Give j(9).
24
Let l(q) = q**2 + 2*q - 11. What is l(3)?
4
Let o(r) = -r**2 + 11. Calculate o(-4).
-5
Let x(h) = -h**2 - 2*h - 116. Give x(0).
-116
Let r(b) = -4*b**3 + 81*b**2 - 17*b - 60. What is r(20)?
0
Let m(i) = -i**3 + i**2 + i - 3. Give m(-3).
30
Let b(a) = -6*a - 6. Determine b(8).
-54
Let y(o) = 2*o**3 + 28*o**2 + 3*o + 46. Calculate y(-14).
4
Let k(v) = -v**3 + 11*v**2 - 17*v. Calculate k(9).
9
Let t(y) = 21*y**3 - y**2 - y + 1. Give t(1).
20
Let f(g) = -g**2 + g - 2. Give f(0).
-2
Let q(l) = 13*l + 222. What is q(-18)?
-12
Let d(g) = -g + 12. Determine d(14).
-2
Let w(b) = 3*b**3 - 23*b**2 + 13*b - 8. Calculate w(7).
-15
Let p(m) = m**2 + 27*m + 36. Give p(-26).
10
Let t(i) = 5*i